{"id":6608,"date":"2025-11-30T22:37:21","date_gmt":"2025-11-30T21:37:21","guid":{"rendered":"https:\/\/www.cbdohmax.fr\/?post_type=product&#038;p=6608"},"modified":"2026-01-22T22:13:59","modified_gmt":"2026-01-22T21:13:59","slug":"slurricane-30-10-oh-max","status":"publish","type":"product","link":"https:\/\/www.cbdohmax.fr\/?product=slurricane-30-10-oh-max","title":{"rendered":"SLURRICANE 30% 10 OH MAX"},"content":{"rendered":"<div dir=\"ltr\">\n<h3 id=\"x_AppleMailSignature\" dir=\"ltr\" data-olk-copy-source=\"MessageBody\"><strong>\ud83c\udf31 Origine &amp; g\u00e9n\u00e9tique<\/strong><\/h3>\n<div dir=\"ltr\">La Slurricane est une vari\u00e9t\u00e9 d&#8217;origine Californienne.<\/div>\n<div id=\"x_AppleMailSignature\" dir=\"ltr\">Elle est issue du croisement de g\u00e9n\u00e9tiques modernes r\u00e9put\u00e9es, notamment Do-Si-Dos x Purple Punch.<\/div>\n<div id=\"x_AppleMailSignature\" dir=\"ltr\">Cette vari\u00e9t\u00e9 est connue pour son profil riche, \u00e0 la fois gourmand et puissant, tr\u00e8s appr\u00e9ci\u00e9 par les amateurs de fleurs au caract\u00e8re affirm\u00e9.<\/div>\n<div id=\"x_AppleMailSignature\" dir=\"ltr\"><\/div>\n<div id=\"x_AppleMailSignature\" dir=\"ltr\"><\/div>\n<div id=\"x_AppleMailSignature\" dir=\"ltr\"><\/div>\n<h3 id=\"x_AppleMailSignature\" dir=\"ltr\"><strong>\ud83d\udc43 Profil aromatique<\/strong><\/h3>\n<div id=\"x_AppleMailSignature\" dir=\"ltr\">La Slurricane d\u00e9veloppe des ar\u00f4mes intenses et gourmands, m\u00ealant :<\/div>\n<div id=\"x_AppleMailSignature\" dir=\"ltr\">&#8211; des notes sucr\u00e9es et fruit\u00e9es<\/div>\n<div id=\"x_AppleMailSignature\" dir=\"ltr\">&#8211; une touche cr\u00e9meuse<\/div>\n<div id=\"x_AppleMailSignature\" dir=\"ltr\">&#8211; une l\u00e9g\u00e8re base terreuse en fin de bouche<\/div>\n<div id=\"x_AppleMailSignature\" dir=\"ltr\"><\/div>\n<div id=\"x_AppleMailSignature\" dir=\"ltr\">Un parfum riche et enveloppant, tr\u00e8s expressif.<\/div>\n<div id=\"x_AppleMailSignature\" dir=\"ltr\"><\/div>\n<div id=\"x_AppleMailSignature\" dir=\"ltr\"><\/div>\n<div id=\"x_AppleMailSignature\" dir=\"ltr\"><\/div>\n<h3 id=\"x_AppleMailSignature\" dir=\"ltr\">\u00a0<strong>\ud83d\udc41\ufe0f Aspect visuel<\/strong><\/h3>\n<div id=\"x_AppleMailSignature\" dir=\"ltr\">Les fleurs pr\u00e9sentent :<\/div>\n<div id=\"x_AppleMailSignature\" dir=\"ltr\">&#8211; une structure dense et compacte<\/div>\n<div id=\"x_AppleMailSignature\" dir=\"ltr\">&#8211; des teintes vert clair \u00e0 violac\u00e9<\/div>\n<div id=\"x_AppleMailSignature\" dir=\"ltr\">&#8211; une r\u00e9sine abondante qui renforce son aspect premium<\/div>\n<div id=\"x_AppleMailSignature\" dir=\"ltr\"><\/div>\n<div id=\"x_AppleMailSignature\" dir=\"ltr\">Un visuel soign\u00e9 et attractif.<\/div>\n<div id=\"x_AppleMailSignature\" dir=\"ltr\"><\/div>\n<div id=\"x_AppleMailSignature\" dir=\"ltr\"><\/div>\n<div id=\"x_AppleMailSignature\" dir=\"ltr\"><\/div>\n<h3 id=\"x_AppleMailSignature\" dir=\"ltr\"><strong>\ud83d\udcad Effets ressentis<\/strong><\/h3>\n<div id=\"x_AppleMailSignature\" dir=\"ltr\">La Slurricane est reconnue pour offrir :<\/div>\n<div id=\"x_AppleMailSignature\" dir=\"ltr\">&#8211; une relaxation profonde<\/div>\n<div id=\"x_AppleMailSignature\" dir=\"ltr\">&#8211; une sensation de l\u00e2cher-prise<\/div>\n<div id=\"x_AppleMailSignature\" dir=\"ltr\">&#8211; un effet apaisant et enveloppant, sans lourdeur excessive<\/div>\n<div id=\"x_AppleMailSignature\" dir=\"ltr\"><\/div>\n<div id=\"x_AppleMailSignature\" dir=\"ltr\">En version 10 OH MAX boost\u00e9 x3, les effets sont accentu\u00e9s, plus rapides et puissants.<\/div>\n<div id=\"x_AppleMailSignature\" dir=\"ltr\"><\/div>\n<div id=\"x_AppleMailSignature\" dir=\"ltr\"><\/div>\n<div id=\"x_AppleMailSignature\" dir=\"ltr\"><\/div>\n<h3 id=\"x_AppleMailSignature\" dir=\"ltr\"><strong>\ud83d\udd25 10 OH MAX \u2013 Boost\u00e9 par trois<\/strong><\/h3>\n<div id=\"x_AppleMailSignature\" dir=\"ltr\">Cette Slurricane 30% appartient \u00e0 la gamme 10 OH MAX, avec un boost x3, soit le niveau le plus puissant.<\/div>\n<div id=\"x_AppleMailSignature\" dir=\"ltr\"><\/div>\n<div id=\"x_AppleMailSignature\" dir=\"ltr\">\ud83d\udc49 Plus le boost est petit, plus l\u2019effet est puissant.<\/div>\n<div id=\"x_AppleMailSignature\" dir=\"ltr\"><\/div>\n<div id=\"x_AppleMailSignature\" dir=\"ltr\">&#8211; Destin\u00e9e aux consommateurs exp\u00e9riment\u00e9s<\/div>\n<div id=\"x_AppleMailSignature\" dir=\"ltr\">&#8211; Adapt\u00e9e aux anciens consommateurs de THC en recherche d\u2019alternative<\/div>\n<div id=\"x_AppleMailSignature\" dir=\"ltr\">&#8211; Sensations intenses et marqu\u00e9es<\/div>\n<h4 id=\"x_AppleMailSignature\" dir=\"ltr\"><\/h4>\n<h4 id=\"x_AppleMailSignature\" dir=\"ltr\"><strong>\ud83d\udeab Produit non adapt\u00e9 aux d\u00e9butants<\/strong><\/h4>\n<div id=\"x_AppleMailSignature\" dir=\"ltr\"><\/div>\n<div id=\"x_AppleMailSignature\" dir=\"ltr\"><\/div>\n<h3 dir=\"ltr\"><strong>\u00a0\u26a0\ufe0f Conseils &amp; avertissements <\/strong><strong>\u26a0\ufe0f<\/strong><\/h3>\n<h3 id=\"x_AppleMailSignature\" dir=\"ltr\"><strong>&#8211; Commencer avec 0,10 g maximum<\/strong><\/h3>\n<h3 id=\"x_AppleMailSignature\" dir=\"ltr\"><strong>&#8211; Patienter avant toute nouvelle prise<\/strong><\/h3>\n<h3 id=\"x_AppleMailSignature\" dir=\"ltr\"><strong>&#8211; Produit tr\u00e8s puissant, \u00e0 consommer avec pr\u00e9caution<\/strong><\/h3>\n<div id=\"x_AppleMailSignature\" dir=\"ltr\"><\/div>\n<div id=\"x_AppleMailSignature\" dir=\"ltr\"><\/div>\n<div id=\"x_AppleMailSignature\" dir=\"ltr\"><\/div>\n<div id=\"x_AppleMailSignature\" dir=\"ltr\"><span data-ogsc=\"rgb(0, 0, 0)\">\ud83d\udc9a SLURRICANE 30% \u2013 La gourmandise fruit\u00e9e boost\u00e9e par la puissance 10 OH MAX.<\/span><\/div>\n<\/div>\n<div dir=\"ltr\">\n<p>&nbsp;<\/p>\n<p>&nbsp;<\/p>\n<\/div>\n<div dir=\"ltr\">\n<h3 class=\"x_p3\" data-ogsc=\"rgb(0, 0, 0)\"><strong><span class=\"x_s2\" data-ogsc=\"\">Disponible d\u00e8s maintenant chez\u00a0<\/span><span class=\"x_s3\" data-ogsc=\"\">CBD OH MAX<\/span><span class=\"x_s2\" data-ogsc=\"\">\u00a0\ud83c\udf3f\ud83d\udc9a<\/span><\/strong><\/h3>\n<p>&nbsp;<\/p>\n<p>&nbsp;<\/p>\n<p>Les adeptes du bien-\u00eatre naturel trouveront dans cette fleur CBD une source fiable de relaxation sans les effets psychoactifs associ\u00e9s au THC.<\/p>\n<p>&nbsp;<\/p>\n<p>De plus, sa culture biologique assure une conformit\u00e9 totale avec les normes europ\u00e9ennes strictes, renfor\u00e7ant la confiance des consommateurs en qu\u00eate de produits purs et efficaces.<\/p>\n<p>Pour ceux qui cherchent \u00e0 explorer les options de CBD de haute qualit\u00e9, cette vari\u00e9t\u00e9\u00a0se pr\u00e9sente comme une solution incontournable.<\/p>\n<\/div>\n<div dir=\"ltr\"><\/div>\n<p><a href=\"https:\/\/www.facebook.com\/profile.php?id=61579757663366\" target=\"_blank\" rel=\"noopener\">CBD OH MAX<\/a>\u00a0vous propose plusieurs m\u00e9thodes de consommations pour les fleurs et r\u00e9sines de CBD.<\/p>\n<p>Rappel : Les fleurs et r\u00e9sines ne doivent en aucun cas \u00eatre fum\u00e9es. Risque important des pertes de terp\u00e8nes ainsi qu\u2019une perte de qualit\u00e9 du produit par cette effet de combustion (exemple : flamme d\u2019un briquet)<\/p>\n<p>Vous pourrez donc choisir entre les diff\u00e9rents modes de consommation cit\u00e9s ci-dessous.<\/p>\n<p>&nbsp;<\/p>\n<p><a href=\"https:\/\/www.cbdohmax.fr\/?product_cat=thes-infusions-cbd\"><strong>En infusion :<\/strong><\/a><\/p>\n<p>Pour cela rien de plus simple !<br \/>\nIl vous suffit de vous pr\u00e9parer de l\u2019eau chaude, comme une tisane classique et y ajouter les fleurs de CBD (infus\u00e9 4 \u00e0 7 minutes) puis rajouter un corps gras comme du lait, de la cr\u00e8me, du beurre ou m\u00eame de l\u2019huile v\u00e9g\u00e9tale.<\/p>\n<p>En effet, n\u2019oublions pas que le CBD est une mol\u00e9cule lipophile et a de ce fait besoin d\u2019un corps gras pour lib\u00e9rer tous ses bienfaits.<\/p>\n<p>L\u2019effet ressenti est : sur la dur\u00e9e.<\/p>\n<p>&nbsp;<\/p>\n<p><a href=\"https:\/\/www.cbdohmax.fr\/?product_cat=vape-cbd\"><strong>En vaporisation :<\/strong><\/a><\/p>\n<p>Si vous n\u2019\u00eates pas un adepte des infusions aux CBD, il existe une autre m\u00e9thode, la vaporisation.<\/p>\n<p>Une autre solution pour b\u00e9n\u00e9ficier plus rapidement des effets de vos fleurs ou r\u00e9sines .<\/p>\n<p>Gr\u00e2ce \u00e0 ce vaporisateur, vous ne perdez pas de terp\u00e8nes ni la qualit\u00e9 des ar\u00f4mes.<\/p>\n<p>Un go\u00fbt exceptionnel.<\/p>\n<p>C\u00f4t\u00e9 effets, la vaporisation permet de r\u00e9v\u00e9ler beaucoup plus rapidement (voire instantan\u00e9ment) les bienfaits des diff\u00e9rents cannabino\u00efdes composants les fleurs ou r\u00e9sines.<\/p>\n<p>Il vous est conseill\u00e9 de r\u00e9gler votre vaporisateur \u00e0 180\u00b0C pour une fleur et jusqu\u2019\u00e0 210\u00b0C pour une r\u00e9sine.<\/p>\n<p>&nbsp;<\/p>\n<p>&nbsp;<\/p>\n<p><em>Des prix variables et d\u00e9gressifs \ud83d\udc4d<\/em><\/p>\n<p>&nbsp;<\/p>\n<p>Toutes les fleurs sont issues d\u2019une agriculture naturelle et respectent les normes en vigueur des pays membres de l\u2019Union Europ\u00e9enne. THC&lt;0,3%<\/p>\n<p>&nbsp;<\/p>\n<p><strong>Stockage Appropri\u00e9<\/strong><\/p>\n<p>Pour pr\u00e9server la fra\u00eecheur et la qualit\u00e9 de la fleur de CBD, conservez l\u00e0 dans un endroit frais, sombre et sec, de pr\u00e9f\u00e9rence dans un r\u00e9cipient herm\u00e9tique. \u00c9vitez l&#8217;exposition \u00e0 la lumi\u00e8re directe du soleil et \u00e0 l&#8217;humidit\u00e9 excessive.<\/p>\n","protected":false},"excerpt":{"rendered":"<div dir=\"ltr\">\n<h2>\ud83c\udf3f SLURRICANE 30% \u2013 10 OH MAX (Boost\u00e9 x3)<\/h2>\n<div dir=\"ltr\">\n<div dir=\"ltr\"><\/div>\n<div id=\"x_AppleMailSignature\" dir=\"ltr\"><\/div>\n<div id=\"x_AppleMailSignature\" dir=\"ltr\">La Slurricane 30% \u2013 10 OH MAX boost\u00e9 x3 est une vari\u00e9t\u00e9 intense et puissante, r\u00e9serv\u00e9e aux consommateurs avertis.<\/div>\n<div id=\"x_AppleMailSignature\" dir=\"ltr\">Son profil sucr\u00e9, fruit\u00e9 et cr\u00e9meux, associ\u00e9 au boost x3, d\u00e9livre un effet rapide, profond et marqu\u00e9, bien au-dessus d\u2019un CBD classique.<\/div>\n<div id=\"x_AppleMailSignature\" dir=\"ltr\">\ud83d\udc49 Plus le boost est petit, plus l\u2019effet est puissant.<\/div>\n<\/div>\n<\/div>\n<div dir=\"ltr\"><\/div>\n<h4 dir=\"ltr\"><\/h4>\n<div dir=\"ltr\">\n<div dir=\"ltr\">\n<h4 id=\"x_AppleMailSignature\" dir=\"ltr\"><strong>\ud83d\udeab Ne convient pas aux d\u00e9butants \u00a0<\/strong><\/h4>\n<h4 id=\"x_AppleMailSignature\" dir=\"ltr\"><\/h4>\n<h4 id=\"x_AppleMailSignature\" dir=\"ltr\"><strong>\u26a0\ufe0f Dosage conseill\u00e9 : 0,10 g pour commencer<\/strong><\/h4>\n<div dir=\"ltr\"><\/div>\n<div id=\"x_AppleMailSignature\" dir=\"ltr\"><\/div>\n<\/div>\n<\/div>\n<p><span data-olk-copy-source=\"MessageBody\">Pr\u00e9par\u00e9e avec soin en <a href=\"https:\/\/www.cbdohmax.fr\/?product_cat=fleurs-hydro\">culture hydroponique<\/a>, elle offre une qualit\u00e9 constante, une apparence impeccable et une puissance parfaitement \u00e9quilibr\u00e9e.<\/span><\/p>\n","protected":false},"featured_media":6785,"comment_status":"open","ping_status":"closed","template":"","meta":{"om_disable_all_campaigns":false,"_monsterinsights_skip_tracking":false,"_monsterinsights_sitenote_active":false,"_monsterinsights_sitenote_note":"","_monsterinsights_sitenote_category":0},"product_brand":[],"product_cat":[145,162,164],"product_tag":[],"class_list":{"0":"post-6608","1":"product","2":"type-product","3":"status-publish","4":"has-post-thumbnail","6":"product_cat-10-oh-max","7":"product_cat-10-oh-max-ita","8":"product_cat-booste-par-3","10":"first","11":"instock","12":"shipping-taxable","13":"purchasable","14":"product-type-variable","15":"has-default-attributes","16":"add-to-wishlist-before_add_to_cart"},"_links":{"self":[{"href":"https:\/\/www.cbdohmax.fr\/index.php?rest_route=\/wp\/v2\/product\/6608","targetHints":{"allow":["GET"]}}],"collection":[{"href":"https:\/\/www.cbdohmax.fr\/index.php?rest_route=\/wp\/v2\/product"}],"about":[{"href":"https:\/\/www.cbdohmax.fr\/index.php?rest_route=\/wp\/v2\/types\/product"}],"replies":[{"embeddable":true,"href":"https:\/\/www.cbdohmax.fr\/index.php?rest_route=%2Fwp%2Fv2%2Fcomments&post=6608"}],"wp:featuredmedia":[{"embeddable":true,"href":"https:\/\/www.cbdohmax.fr\/index.php?rest_route=\/wp\/v2\/media\/6785"}],"wp:attachment":[{"href":"https:\/\/www.cbdohmax.fr\/index.php?rest_route=%2Fwp%2Fv2%2Fmedia&parent=6608"}],"wp:term":[{"taxonomy":"product_brand","embeddable":true,"href":"https:\/\/www.cbdohmax.fr\/index.php?rest_route=%2Fwp%2Fv2%2Fproduct_brand&post=6608"},{"taxonomy":"product_cat","embeddable":true,"href":"https:\/\/www.cbdohmax.fr\/index.php?rest_route=%2Fwp%2Fv2%2Fproduct_cat&post=6608"},{"taxonomy":"product_tag","embeddable":true,"href":"https:\/\/www.cbdohmax.fr\/index.php?rest_route=%2Fwp%2Fv2%2Fproduct_tag&post=6608"}],"curies":[{"name":"wp","href":"https:\/\/api.w.org\/{rel}","templated":true}]}}