{"id":6895,"date":"2026-03-01T21:22:22","date_gmt":"2026-03-01T20:22:22","guid":{"rendered":"https:\/\/www.cbdohmax.fr\/?post_type=product&#038;p=6895"},"modified":"2026-03-01T21:28:38","modified_gmt":"2026-03-01T20:28:38","slug":"creme-corporelle-au-cbd","status":"publish","type":"product","link":"https:\/\/www.cbdohmax.fr\/?product=creme-corporelle-au-cbd","title":{"rendered":"CR\u00c8ME CORPORELLE AU CBD"},"content":{"rendered":"<table>\n<tbody>\n<tr>\n<td width=\"189\">Riche en pr\u00e9cieuses huiles essentielles biologiques, il nourrit et hydrate la peau, lui donnant une nouvelle vitalit\u00e9 et douceur.<\/p>\n<p>&nbsp;<\/p>\n<p>L&#8217;extrait de chanvre biologique contribue \u00e0 l&#8217;\u00e9quilibre hydrolipidique, rendant la peau plus \u00e9lastique et \u00e9clatante. Le CBD et l&#8217;extrait VIBRES de chanvre biologique aident \u00e0 renouveler les cellules, luttant contre le vieillissement.<\/p>\n<p>&nbsp;<\/p>\n<p>&nbsp;<\/p>\n<p>Appliquer matin et soir sur tout le corps en massant doucement jusqu&#8217;\u00e0 absorption compl\u00e8te<\/p>\n<p>&nbsp;<\/p>\n<p>Appliquer matin et soir sur tout le corps en massant doucement jusqu&#8217;\u00e0 absorption compl\u00e8te.<\/p>\n<p>&nbsp;<\/p>\n<p><strong>TEST\u00c9 DERMATOLOGIQUEMENT<\/strong><\/p>\n<p>&nbsp;<\/p>\n<p><strong>DISTRIBU\u00c9 PAR :<\/strong><\/p>\n<p><strong>CBD OH MAX<\/strong><\/p>\n<p><strong>28 RUE DES TREILLES<\/strong><\/p>\n<p><strong>62400 BETHUNE<\/strong><\/p>\n<p>&nbsp;<\/p>\n<p><strong>CBD &#8211; 280 MG<\/strong><\/p>\n<p>&nbsp;<\/p>\n<p>&nbsp;<\/p>\n<p><strong>MADE IN ITALIA<\/strong><\/p>\n<p>&nbsp;<\/p>\n<p><strong>200 ml \u00a0\u00a0\u00a0\u00a0\u00a0\u00a0\u00a0\u00a0\u00a0\u00a0\u00a0\u00a0\u00a0\u00a0\u00a0\u00a0\u00a0\u00a0\u00a0\u00a0\u00a0\u00a0\u00a0\u00a0\u00a0\u00a0\u00a0\u00a0\u00a0\u00a0\u00a0\u00a0\u00a0\u00a0\u00a06,76 fl Oz<\/strong><\/td>\n<\/tr>\n<\/tbody>\n<\/table>\n","protected":false},"excerpt":{"rendered":"<table>\n<tbody>\n<tr>\n<td width=\"189\"><strong style=\"font-family: inherit; font-size: inherit;\">CR\u00c8ME CORPORELLE <\/strong><strong>CBD<\/strong><\/p>\n<p>&nbsp;<\/p>\n<p><strong>REVITALISER ET R\u00c9G\u00c9N\u00c9RER<\/strong><\/p>\n<p><strong>\u00a0<\/strong><\/p>\n<p><strong>\u00a0<\/strong><\/p>\n<p><strong>\u00c0 LA VITAMINE E, \u00c0 L&#8217;EXTRAIT DE ROMARIN ET \u00c0 L&#8217;HUILE ESSENTIELLE DE CITRON DE SICILE BIOLOGIQUE<\/strong><\/td>\n<\/tr>\n<\/tbody>\n<\/table>\n","protected":false},"featured_media":6896,"comment_status":"open","ping_status":"closed","template":"","meta":{"om_disable_all_campaigns":false,"_monsterinsights_skip_tracking":false,"_monsterinsights_sitenote_active":false,"_monsterinsights_sitenote_note":"","_monsterinsights_sitenote_category":0},"product_brand":[],"product_cat":[128,97,68],"product_tag":[],"class_list":{"0":"post-6895","1":"product","2":"type-product","3":"status-publish","4":"has-post-thumbnail","6":"product_cat-cbd","7":"product_cat-coffrets","8":"product_cat-cosmetiques","10":"first","11":"instock","12":"shipping-taxable","13":"purchasable","14":"product-type-simple","15":"add-to-wishlist-before_add_to_cart"},"_links":{"self":[{"href":"https:\/\/www.cbdohmax.fr\/index.php?rest_route=\/wp\/v2\/product\/6895","targetHints":{"allow":["GET"]}}],"collection":[{"href":"https:\/\/www.cbdohmax.fr\/index.php?rest_route=\/wp\/v2\/product"}],"about":[{"href":"https:\/\/www.cbdohmax.fr\/index.php?rest_route=\/wp\/v2\/types\/product"}],"replies":[{"embeddable":true,"href":"https:\/\/www.cbdohmax.fr\/index.php?rest_route=%2Fwp%2Fv2%2Fcomments&post=6895"}],"wp:featuredmedia":[{"embeddable":true,"href":"https:\/\/www.cbdohmax.fr\/index.php?rest_route=\/wp\/v2\/media\/6896"}],"wp:attachment":[{"href":"https:\/\/www.cbdohmax.fr\/index.php?rest_route=%2Fwp%2Fv2%2Fmedia&parent=6895"}],"wp:term":[{"taxonomy":"product_brand","embeddable":true,"href":"https:\/\/www.cbdohmax.fr\/index.php?rest_route=%2Fwp%2Fv2%2Fproduct_brand&post=6895"},{"taxonomy":"product_cat","embeddable":true,"href":"https:\/\/www.cbdohmax.fr\/index.php?rest_route=%2Fwp%2Fv2%2Fproduct_cat&post=6895"},{"taxonomy":"product_tag","embeddable":true,"href":"https:\/\/www.cbdohmax.fr\/index.php?rest_route=%2Fwp%2Fv2%2Fproduct_tag&post=6895"}],"curies":[{"name":"wp","href":"https:\/\/api.w.org\/{rel}","templated":true}]}}