{"id":7019,"date":"2026-04-02T14:27:58","date_gmt":"2026-04-02T12:27:58","guid":{"rendered":"https:\/\/www.cbdohmax.fr\/?post_type=product&#038;p=7019"},"modified":"2026-04-02T15:05:00","modified_gmt":"2026-04-02T13:05:00","slug":"nyc-diesel","status":"publish","type":"product","link":"https:\/\/www.cbdohmax.fr\/?product=nyc-diesel","title":{"rendered":"NYC DIESEL"},"content":{"rendered":"<h3 class=\"x_p1\" data-ogsc=\"rgb(0, 0, 0)\"><strong><span class=\"x_s1\" data-ogsc=\"\" data-olk-copy-source=\"MessageBody\">\ud83e\uddec<\/span><span class=\"x_s2\" data-ogsc=\"\">\u00a0Origine &amp; G\u00e9n\u00e9tique<\/span><\/strong><\/h3>\n<p class=\"x_p1\" data-ogsc=\"rgb(0, 0, 0)\"><span class=\"x_s1\" data-ogsc=\"\" data-olk-copy-source=\"MessageBody\">La\u00a0<\/span><span class=\"x_s2\" data-ogsc=\"\">NYC Diesel<\/span><span class=\"x_s1\" data-ogsc=\"\">\u00a0est issue de la c\u00e9l\u00e8bre lign\u00e9e\u00a0<\/span><span class=\"x_s2\" data-ogsc=\"\">Diesel<\/span><span class=\"x_s1\" data-ogsc=\"\">, devenue une r\u00e9f\u00e9rence dans l\u2019univers du cannabis pour ses ar\u00f4mes uniques et reconnaissables.<\/span><\/p>\n<p class=\"x_p1\" data-ogsc=\"rgb(0, 0, 0)\"><span class=\"x_s1\" data-ogsc=\"\">\u2714\u00a0<\/span><span class=\"x_s2\" data-ogsc=\"\">Type : Hybride<\/span><\/p>\n<p class=\"x_p1\" data-ogsc=\"rgb(0, 0, 0)\"><span class=\"x_s1\" data-ogsc=\"\">\u2714\u00a0<\/span><span class=\"x_s2\" data-ogsc=\"\">Dominance : Sativa<\/span><span class=\"x_s1\" data-ogsc=\"\">\u00a0\ud83c\udf1e<\/span><\/p>\n<p class=\"x_p1\" data-ogsc=\"rgb(0, 0, 0)\"><span class=\"x_s1\" data-ogsc=\"\">Cette dominance Sativa lui conf\u00e8re un profil g\u00e9n\u00e9ralement appr\u00e9ci\u00e9 pour son\u00a0<\/span><span class=\"x_s2\" data-ogsc=\"\">c\u00f4t\u00e9 \u00e9nergisant et stimulant<\/span><span class=\"x_s1\" data-ogsc=\"\">, tout en conservant une certaine douceur gr\u00e2ce au CBD.<\/span><\/p>\n<p>&nbsp;<\/p>\n<h3 class=\"x_p1\" data-ogsc=\"rgb(0, 0, 0)\"><strong><span class=\"x_s1\" data-ogsc=\"\">\ud83c\udf3f<\/span><span class=\"x_s2\" data-ogsc=\"\">\u00a0Mode de culture : Greenhouse<\/span><\/strong><\/h3>\n<p class=\"x_p1\" data-ogsc=\"rgb(0, 0, 0)\"><span class=\"x_s1\" data-ogsc=\"\" data-olk-copy-source=\"MessageBody\">Cette vari\u00e9t\u00e9 est cultiv\u00e9e en <span class=\"x_s2\" data-ogsc=\"\"><a href=\"https:\/\/www.cbdohmax.fr\/?product_cat=fleurs-sous-serre\">Greenhouse <\/a><\/span><\/span><span class=\"x_s2\" data-ogsc=\"\">(sous serre)<\/span><span class=\"x_s1\" data-ogsc=\"\">.<\/span><\/p>\n<p class=\"x_p1\" data-ogsc=\"rgb(0, 0, 0)\"><span class=\"x_s1\" data-ogsc=\"\">Ce mode de culture combine les\u00a0<\/span><span class=\"x_s2\" data-ogsc=\"\">avantages du plein air et de la culture contr\u00f4l\u00e9e<\/span><span class=\"x_s1\" data-ogsc=\"\">\u00a0:<\/span><\/p>\n<p class=\"x_p1\" data-ogsc=\"rgb(0, 0, 0)\"><span class=\"x_s1\" data-ogsc=\"\">\u2600\ufe0f utilisation de la\u00a0<\/span><span class=\"x_s2\" data-ogsc=\"\">lumi\u00e8re naturelle du soleil<\/span><\/p>\n<p class=\"x_p1\" data-ogsc=\"rgb(0, 0, 0)\"><span class=\"x_s1\" data-ogsc=\"\">\ud83c\udf3f d\u00e9veloppement optimal des terp\u00e8nes<\/span><\/p>\n<p class=\"x_p1\" data-ogsc=\"rgb(0, 0, 0)\"><span class=\"x_s1\" data-ogsc=\"\">\ud83c\udf31 fleurs plus naturelles et aromatiques<\/span><\/p>\n<p class=\"x_p1\" data-ogsc=\"rgb(0, 0, 0)\"><span class=\"x_s1\" data-ogsc=\"\">\ud83d\udee1 protection contre les conditions climatiques<\/span><\/p>\n<p class=\"x_p1\" data-ogsc=\"rgb(0, 0, 0)\"><span class=\"x_s1\" data-ogsc=\"\">Le r\u00e9sultat est une fleur\u00a0<\/span><span class=\"x_s2\" data-ogsc=\"\">riche en ar\u00f4mes, bien d\u00e9velopp\u00e9e et naturelle<\/span><span class=\"x_s1\" data-ogsc=\"\">.<\/span><\/p>\n<p>&nbsp;<\/p>\n<h3 class=\"x_p1\" data-ogsc=\"rgb(0, 0, 0)\"><strong><span class=\"x_s2\" data-ogsc=\"\"><span class=\"x_s1\" data-ogsc=\"\" data-olk-copy-source=\"MessageBody\">\ud83d\udc40<\/span>\u00a0Aspect des fleurs<\/span><\/strong><\/h3>\n<p class=\"x_p1\" data-ogsc=\"rgb(0, 0, 0)\"><span class=\"x_s1\" data-ogsc=\"\" data-olk-copy-source=\"MessageBody\">Les t\u00eates de\u00a0<\/span><span class=\"x_s2\" data-ogsc=\"\">NYC Diesel Greenhouse<\/span><span class=\"x_s1\" data-ogsc=\"\">\u00a0pr\u00e9sentent une structure\u00a0<\/span><span class=\"x_s2\" data-ogsc=\"\">a\u00e9r\u00e9e mais bien form\u00e9e<\/span><span class=\"x_s1\" data-ogsc=\"\">, caract\u00e9ristique des vari\u00e9t\u00e9s \u00e0 dominance Sativa.<\/span><\/p>\n<p class=\"x_p1\" data-ogsc=\"rgb(0, 0, 0)\"><span class=\"x_s1\" data-ogsc=\"\">On retrouve :<\/span><\/p>\n<p class=\"x_p1\" data-ogsc=\"rgb(0, 0, 0)\"><span class=\"x_s1\" data-ogsc=\"\">\ud83c\udf43 une couleur\u00a0<\/span><span class=\"x_s2\" data-ogsc=\"\">vert clair \u00e0 vert olive<\/span><\/p>\n<p class=\"x_p1\" data-ogsc=\"rgb(0, 0, 0)\"><span class=\"x_s1\" data-ogsc=\"\">\ud83e\udde1 des\u00a0<\/span><span class=\"x_s2\" data-ogsc=\"\">pistils orang\u00e9s<\/span><span class=\"x_s1\" data-ogsc=\"\">\u00a0bien visibles<\/span><\/p>\n<p class=\"x_p1\" data-ogsc=\"rgb(0, 0, 0)\"><span class=\"x_s1\" data-ogsc=\"\">\u2728 une l\u00e9g\u00e8re couche de\u00a0<\/span><span class=\"x_s2\" data-ogsc=\"\">r\u00e9sine brillante<\/span><\/p>\n<p class=\"x_p1\" data-ogsc=\"rgb(0, 0, 0)\"><span class=\"x_s1\" data-ogsc=\"\">Les fleurs offrent un aspect naturel tout en restant visuellement tr\u00e8s attractives.<\/span><\/p>\n<p>&nbsp;<\/p>\n<h3 class=\"x_p1\" data-ogsc=\"rgb(0, 0, 0)\"><span class=\"x_s1\" data-ogsc=\"\" data-olk-copy-source=\"MessageBody\">\ud83d\udc43<\/span><span class=\"x_s2\" data-ogsc=\"\">\u00a0Profil aromatique<\/span><\/h3>\n<p class=\"x_p1\" data-ogsc=\"rgb(0, 0, 0)\"><span class=\"x_s1\" data-ogsc=\"\" data-olk-copy-source=\"MessageBody\">La\u00a0<\/span><span class=\"x_s2\" data-ogsc=\"\">NYC Diesel<\/span><span class=\"x_s1\" data-ogsc=\"\">\u00a0est c\u00e9l\u00e8bre pour son\u00a0<\/span><span class=\"x_s2\" data-ogsc=\"\">profil terp\u00e8nique tr\u00e8s reconnaissable<\/span><span class=\"x_s1\" data-ogsc=\"\">\u00a0:<\/span><\/p>\n<p class=\"x_p1\" data-ogsc=\"rgb(0, 0, 0)\"><span class=\"x_s1\" data-ogsc=\"\">\ud83c\udf4b notes\u00a0<\/span><span class=\"x_s2\" data-ogsc=\"\">agrumes et citronn\u00e9es<\/span><\/p>\n<p class=\"x_p1\" data-ogsc=\"rgb(0, 0, 0)\"><span class=\"x_s1\" data-ogsc=\"\">\u26fd touche\u00a0<\/span><span class=\"x_s2\" data-ogsc=\"\">diesel \/ fuel<\/span><span class=\"x_s1\" data-ogsc=\"\">\u00a0typique<\/span><\/p>\n<p class=\"x_p1\" data-ogsc=\"rgb(0, 0, 0)\"><span class=\"x_s1\" data-ogsc=\"\">\ud83c\udf6c l\u00e9g\u00e8re pointe\u00a0<\/span><span class=\"x_s2\" data-ogsc=\"\">sucr\u00e9e<\/span><\/p>\n<p class=\"x_p1\" data-ogsc=\"rgb(0, 0, 0)\"><span class=\"x_s1\" data-ogsc=\"\">Un m\u00e9lange puissant et original qui en fait une vari\u00e9t\u00e9 tr\u00e8s appr\u00e9ci\u00e9e des connaisseurs.<\/span><\/p>\n<p>&nbsp;<\/p>\n<p class=\"x_p1\" data-ogsc=\"rgb(0, 0, 0)\">\n<h3 class=\"x_p1\" data-ogsc=\"rgb(0, 0, 0)\"><span class=\"x_s1\" data-ogsc=\"\" data-olk-copy-source=\"MessageBody\">\ud83d\udcca<\/span><span class=\"x_s2\" data-ogsc=\"\">\u00a0Taux de cannabino\u00efdes<\/span><\/h3>\n<p class=\"x_p3\" data-ogsc=\"rgb(0, 0, 0)\"><span class=\"x_s1\" data-ogsc=\"\" data-olk-copy-source=\"MessageBody\">\u2022 <\/span><span class=\"x_s2\" data-ogsc=\"\">CBD : 16 %<\/span><span class=\"x_s1\" data-ogsc=\"\">\u00a0\ud83c\udf3f<\/span><\/p>\n<p class=\"x_p3\" data-ogsc=\"rgb(0, 0, 0)\"><span class=\"x_s1\" data-ogsc=\"\">\u2022 <\/span><span class=\"x_s2\" data-ogsc=\"\">THC : &lt; 0,3 %<\/span><span class=\"x_s1\" data-ogsc=\"\">\u00a0(conforme \u00e0 la l\u00e9gislation europ\u00e9enne)<\/span><\/p>\n<p class=\"x_p3\" data-ogsc=\"rgb(0, 0, 0)\"><span class=\"x_s1\" data-ogsc=\"\">Ce taux de CBD offre une exp\u00e9rience\u00a0<\/span><span class=\"x_s2\" data-ogsc=\"\">douce, relaxante et agr\u00e9able<\/span><span class=\"x_s1\" data-ogsc=\"\">.<\/span><\/p>\n<p data-ogsc=\"rgb(0, 0, 0)\">\n<p data-ogsc=\"rgb(0, 0, 0)\">\n<h3 class=\"x_p3\" data-ogsc=\"rgb(0, 0, 0)\"><strong><span class=\"x_s1\" data-ogsc=\"\" data-olk-copy-source=\"MessageBody\">\ud83d\ude0c<\/span><span class=\"x_s2\" data-ogsc=\"\">\u00a0Effets ressentis<\/span><\/strong><\/h3>\n<p class=\"x_p1\" data-ogsc=\"rgb(0, 0, 0)\"><span class=\"x_s1\" data-ogsc=\"\" data-olk-copy-source=\"MessageBody\">Gr\u00e2ce \u00e0 sa dominance\u00a0<\/span><span class=\"x_s2\" data-ogsc=\"\">Sativa<\/span><span class=\"x_s1\" data-ogsc=\"\">, la NYC Diesel est souvent appr\u00e9ci\u00e9e pour :<\/span><\/p>\n<p class=\"x_p1\" data-ogsc=\"rgb(0, 0, 0)\"><span class=\"x_s1\" data-ogsc=\"\">\u26a1 une\u00a0<\/span><span class=\"x_s2\" data-ogsc=\"\">sensation de bien-\u00eatre l\u00e9g\u00e8re<\/span><\/p>\n<p class=\"x_p1\" data-ogsc=\"rgb(0, 0, 0)\"><span class=\"x_s1\" data-ogsc=\"\">\ud83d\ude0a une\u00a0<\/span><span class=\"x_s2\" data-ogsc=\"\">d\u00e9tente mentale agr\u00e9able<\/span><\/p>\n<p class=\"x_p1\" data-ogsc=\"rgb(0, 0, 0)\"><span class=\"x_s1\" data-ogsc=\"\">\ud83c\udf3f un moment de\u00a0<\/span><span class=\"x_s2\" data-ogsc=\"\">relaxation sans lourdeur<\/span><\/p>\n<p class=\"x_p1\" data-ogsc=\"rgb(0, 0, 0)\"><span class=\"x_s1\" data-ogsc=\"\">Elle peut \u00eatre id\u00e9ale pour\u00a0<\/span><span class=\"x_s2\" data-ogsc=\"\">se d\u00e9tendre tout en gardant l\u2019esprit clair<\/span><span class=\"x_s1\" data-ogsc=\"\">.<\/span><\/p>\n<p data-ogsc=\"rgb(0, 0, 0)\">\n<p data-ogsc=\"rgb(0, 0, 0)\">\n<h3 class=\"x_p1\" data-ogsc=\"rgb(0, 0, 0)\"><strong><span class=\"x_s1\" data-ogsc=\"\">\ud83d\udca1<\/span><span class=\"x_s2\" data-ogsc=\"\">\u00a0Conseils d\u2019utilisation<\/span><\/strong><\/h3>\n<p class=\"x_p3\" data-ogsc=\"rgb(0, 0, 0)\"><span class=\"x_s1\" data-ogsc=\"\">\u2022 \u00c0 consommer de pr\u00e9f\u00e9rence le\u00a0<\/span><span class=\"x_s2\" data-ogsc=\"\">soir ou en fin de journ\u00e9e<\/span><span class=\"x_s1\" data-ogsc=\"\">\u00a0pour un effet d\u00e9tente complet.<\/span><\/p>\n<p class=\"x_p3\" data-ogsc=\"rgb(0, 0, 0)\"><span class=\"x_s1\" data-ogsc=\"\">\u2022 Parfaite en\u00a0<\/span><span class=\"x_s2\" data-ogsc=\"\">vaporisation<\/span><span class=\"x_s1\" data-ogsc=\"\">\u00a0ou\u00a0<\/span><span class=\"x_s2\" data-ogsc=\"\">infusion<\/span><span class=\"x_s1\" data-ogsc=\"\">\u00a0(avec un corps gras pour une meilleure assimilation).<\/span><\/p>\n<p data-ogsc=\"rgb(0, 0, 0)\">\n<h3 class=\"x_p1\" data-ogsc=\"rgb(0, 0, 0)\"><strong><span class=\"x_s1\" data-ogsc=\"\">\u2728<\/span><span class=\"x_s2\" data-ogsc=\"\">\u00a0En r\u00e9sum\u00e9<\/span><\/strong><\/h3>\n<p class=\"x_p1\" data-ogsc=\"rgb(0, 0, 0)\"><span class=\"x_s1\" data-ogsc=\"\">Une fleur\u00a0<\/span><span class=\"x_s2\" data-ogsc=\"\">\u00e9quilibr\u00e9e, naturelle et r\u00e9confortante<\/span><span class=\"x_s1\" data-ogsc=\"\">, cultiv\u00e9e sous serre avec soin.<\/span><\/p>\n<p class=\"x_p1\" data-ogsc=\"rgb(0, 0, 0)\"><span class=\"x_s1\" data-ogsc=\"\">La<span class=\"x_s2\" data-ogsc=\"\">\u00a0NYC Diesel<\/span><\/span><span class=\"x_s2\" data-ogsc=\"\">\u00a0\u2013 Greenhouse<\/span><span class=\"x_s1\" data-ogsc=\"\">, c\u2019est la\u00a0<\/span><span class=\"x_s2\" data-ogsc=\"\">relaxation tout en lucidit\u00e9<\/span><span class=\"x_s1\" data-ogsc=\"\">, sign\u00e9e <strong><a href=\"https:\/\/www.facebook.com\/cbd.oh.max\" target=\"_blank\" rel=\"noopener\">CBD OH MAX<\/a><\/strong><\/span><span class=\"x_s1\" data-ogsc=\"\">\u00a0\ud83c\udf3f<\/span><\/p>\n<p>&nbsp;<\/p>\n<p><strong><a href=\"https:\/\/www.facebook.com\/cbd.oh.max\" target=\"_blank\" rel=\"noopener\">CBD OH MAX<\/a>\u00a0vous propose plusieurs m\u00e9thodes de consommation pour les fleurs et r\u00e9sines de CBD.<\/strong><\/p>\n<p><strong>Rappel<\/strong>\u00a0: Les fleurs et r\u00e9sines ne doivent en aucun cas \u00eatre fum\u00e9es. Risque important des pertes de terp\u00e8nes ainsi qu\u2019une perte de qualit\u00e9 du produit par cette effet de combustion (exemple : flamme d\u2019un briquet)<\/p>\n<p>Vous pourrez donc choisir entre les diff\u00e9rents modes de consommation cit\u00e9s ci-dessous.<\/p>\n<h4><a href=\"https:\/\/www.cbdohmax.fr\/?product_cat=thes-infusions-cbd\">En infusion :<\/a><\/h4>\n<p>Pour cela rien de plus simple !<br \/>\nIl vous suffit de vous pr\u00e9parer de l\u2019eau chaude, comme une tisane classique et y ajouter les fleurs de CBD (infus\u00e9 4 \u00e0 7 minutes) puis rajouter un corps gras comme du lait, de la cr\u00e8me, du beurre ou m\u00eame de l\u2019huile v\u00e9g\u00e9tale.<br \/>\nEn effet, n\u2019oublions pas que le CBD est une mol\u00e9cule lipophile et a de ce fait besoin d\u2019un corps gras pour lib\u00e9rer tous ses bienfaits.<br \/>\nL\u2019effet ressenti est : sur la dur\u00e9e.<\/p>\n<h4><a href=\"https:\/\/www.cbdohmax.fr\/?product_cat=vaporisateurs\">En vaporisation :<\/a><\/h4>\n<p>Si vous n\u2019\u00eates pas un adepte des infusions aux CBD, il existe une autre m\u00e9thode, la vaporisation.<br \/>\nUne autre solution pour b\u00e9n\u00e9ficier plus rapidement des effets de vos fleurs ou r\u00e9sines .<br \/>\nGr\u00e2ce \u00e0 ce vaporisateur, vous ne perdez pas de terp\u00e8nes ni la qualit\u00e9. Des ar\u00f4mes d\u2019un go\u00fbt exceptionnel.<br \/>\nC\u00f4t\u00e9 effets, la vaporisation permet de r\u00e9v\u00e9ler beaucoup plus rapidement (voire instantan\u00e9ment) les bienfaits des diff\u00e9rents cannabino\u00efdes composants les fleurs ou r\u00e9sines.<br \/>\nIl vous est conseill\u00e9 de r\u00e9gler votre vaporisateur \u00e0 180\u00b0C pour une fleur et jusqu\u2019\u00e0 210\u00b0C pour une r\u00e9sine.<\/p>\n<p>&nbsp;<\/p>\n<p>Des prix variables et d\u00e9gressifs \ud83d\udc4d<\/p>\n<p>&nbsp;<\/p>\n<p>Toutes les fleurs sont issues d\u2019une agriculture naturelle et respectent les normes en vigueur des pays membres de l\u2019Union Europ\u00e9enne. THC&lt;0,3%<\/p>\n<p>&nbsp;<\/p>\n<p><strong>Stockage Appropri\u00e9<\/strong><\/p>\n<p>Pour pr\u00e9server la fra\u00eecheur et la qualit\u00e9 de la fleur de CBD, conservez l\u00e0 dans un endroit frais, sombre et sec, de pr\u00e9f\u00e9rence dans un r\u00e9cipient herm\u00e9tique. \u00c9vitez l\u2019exposition \u00e0 la lumi\u00e8re directe du soleil et \u00e0 l\u2019humidit\u00e9 excessive.<\/p>\n","protected":false},"excerpt":{"rendered":"<h2 data-ogsc=\"rgb(0, 0, 0)\"><strong><span class=\"x_s1\" data-ogsc=\"\" data-olk-copy-source=\"MessageBody\">\ud83c\udf3f<\/span><span class=\"x_s2\" data-ogsc=\"\"> NYC DIESEL<\/span><\/strong><\/h2>\n<p class=\"x_p1\" data-ogsc=\"rgb(0, 0, 0)\"><span class=\"x_s1\" data-ogsc=\"\" data-olk-copy-source=\"MessageBody\">La\u00a0<\/span><span class=\"x_s2\" data-ogsc=\"\">NYC Diesel<\/span><span class=\"x_s1\" data-ogsc=\"\">\u00a0est une vari\u00e9t\u00e9 CBD embl\u00e9matique, reconnue pour son\u00a0<\/span><span class=\"x_s2\" data-ogsc=\"\">profil aromatique puissant et tr\u00e8s caract\u00e9ristique<\/span><span class=\"x_s1\" data-ogsc=\"\">. <strong>Inspir\u00e9e de la c\u00e9l\u00e8bre g\u00e9n\u00e9tique new-yorkaise<\/strong> \ud83c\uddfa\ud83c\uddf8, cette fleur s\u00e9duit les amateurs gr\u00e2ce \u00e0 <strong>son\u00a0<\/strong><\/span><strong><span class=\"x_s2\" data-ogsc=\"\">parfum intense m\u00ealant agrumes et notes fuel<\/span><span class=\"x_s1\" data-ogsc=\"\">, typique des vari\u00e9t\u00e9s Diesel.<\/span><\/strong><\/p>\n<p class=\"x_p1\" data-ogsc=\"rgb(0, 0, 0)\"><strong><span class=\"x_s1\" data-ogsc=\"\">Cultiv\u00e9e en\u00a0<\/span><span class=\"x_s2\" data-ogsc=\"\">Greenhouse<\/span><\/strong><span class=\"x_s1\" data-ogsc=\"\">, elle b\u00e9n\u00e9ficie d\u2019un \u00e9quilibre id\u00e9al entre\u00a0<\/span><span class=\"x_s2\" data-ogsc=\"\">lumi\u00e8re naturelle et contr\u00f4le de la culture<\/span><span class=\"x_s1\" data-ogsc=\"\">, offrant ainsi des fleurs riches en terp\u00e8nes et parfaitement d\u00e9velopp\u00e9es.<\/span><\/p>\n<p data-ogsc=\"rgb(0, 0, 0)\">\n<h3 style=\"text-align: center;\"><strong style=\"text-align: start;\"><img decoding=\"async\" class=\"emoji aligncenter\" role=\"img\" draggable=\"false\" src=\"https:\/\/s.w.org\/images\/core\/emoji\/17.0.2\/svg\/1f340.svg\" alt=\"\ud83c\udf40\" \/>\u00a0PROMOTIONS\u00a0<img decoding=\"async\" class=\"emoji aligncenter\" role=\"img\" draggable=\"false\" src=\"https:\/\/s.w.org\/images\/core\/emoji\/17.0.2\/svg\/1f340.svg\" alt=\"\ud83c\udf40\" \/><\/strong><\/h3>\n<p style=\"text-align: center;\"><strong><img decoding=\"async\" class=\"emoji\" role=\"img\" draggable=\"false\" src=\"https:\/\/s.w.org\/images\/core\/emoji\/17.0.2\/svg\/1f340.svg\" alt=\"\ud83c\udf40\" \/>\u00a0SPECIAL OH MAX\u00a0<img decoding=\"async\" class=\"emoji\" role=\"img\" draggable=\"false\" src=\"https:\/\/s.w.org\/images\/core\/emoji\/17.0.2\/svg\/1f340.svg\" alt=\"\ud83c\udf40\" \/><\/strong><\/p>\n<p style=\"text-align: center;\"><strong>DISPONIBLES DE 1 Gr \u00c0 25 Gr<\/strong><\/p>\n","protected":false},"featured_media":0,"comment_status":"open","ping_status":"closed","template":"","meta":{"om_disable_all_campaigns":false,"_monsterinsights_skip_tracking":false,"_monsterinsights_sitenote_active":false,"_monsterinsights_sitenote_note":"","_monsterinsights_sitenote_category":0},"product_brand":[],"product_cat":[128,17,74,134,92,163],"product_tag":[],"class_list":{"0":"post-7019","1":"product","2":"type-product","3":"status-publish","5":"product_cat-cbd","6":"product_cat-fleurs-cbd","7":"product_cat-fleurs-sous-serre","8":"product_cat-promos","9":"product_cat-small-buds","10":"product_cat-special-noel-oh-max","12":"first","13":"instock","14":"sale","15":"shipping-taxable","16":"purchasable","17":"product-type-variable","18":"has-default-attributes","19":"add-to-wishlist-before_add_to_cart"},"_links":{"self":[{"href":"https:\/\/www.cbdohmax.fr\/index.php?rest_route=\/wp\/v2\/product\/7019","targetHints":{"allow":["GET"]}}],"collection":[{"href":"https:\/\/www.cbdohmax.fr\/index.php?rest_route=\/wp\/v2\/product"}],"about":[{"href":"https:\/\/www.cbdohmax.fr\/index.php?rest_route=\/wp\/v2\/types\/product"}],"replies":[{"embeddable":true,"href":"https:\/\/www.cbdohmax.fr\/index.php?rest_route=%2Fwp%2Fv2%2Fcomments&post=7019"}],"wp:attachment":[{"href":"https:\/\/www.cbdohmax.fr\/index.php?rest_route=%2Fwp%2Fv2%2Fmedia&parent=7019"}],"wp:term":[{"taxonomy":"product_brand","embeddable":true,"href":"https:\/\/www.cbdohmax.fr\/index.php?rest_route=%2Fwp%2Fv2%2Fproduct_brand&post=7019"},{"taxonomy":"product_cat","embeddable":true,"href":"https:\/\/www.cbdohmax.fr\/index.php?rest_route=%2Fwp%2Fv2%2Fproduct_cat&post=7019"},{"taxonomy":"product_tag","embeddable":true,"href":"https:\/\/www.cbdohmax.fr\/index.php?rest_route=%2Fwp%2Fv2%2Fproduct_tag&post=7019"}],"curies":[{"name":"wp","href":"https:\/\/api.w.org\/{rel}","templated":true}]}}